e 2*m - 18 = 5*d, -2*m + 1 = -4*d - 13. What is the remainder when (-1086)/(-12) + 2/d is divided by 16?
10
Suppose 31 = 2*x + 3*u, -7*u + 9*u = 3*x - 66. Let j(k) = k**3 - 7*k**2 + 8*k + 2. Calculate the remainder when x is divided by j(6).
6
Let f be 12/(-9) - 1/(-3). Let i(h) = -h**2 - 2*h + 9. Let w be i(-4). Calculate the remainder when 22 is divided by 6 + 1 + w/f.
4
Let q(r) = -r + 8. Suppose 2*o + 8 = 54. Calculate the remainder when o is divided by q(-6).
9
Suppose -4 = -x + 14. Let r = 1665 + -1613. Calculate the remainder when r is divided by x.
16
Suppose i - 5*m = -6, -2*i + 48 = -9*m + 14*m. Calculate the remainder when 30 is divided by i.
2
Let l(k) = k**3 + 6*k**2 - 4*k - 7. Suppose -394 = 92*x - 1130. Calculate the remainder when l(-5) is divided by x.
6
Let y be (-33232)/(-144) + (-2)/(-9). Let v = y + -162. Suppose -3*n - 24 = -4*n. Calculate the remainder when v is divided by n.
21
Suppose 3*k - 5*p + p = 45, 3*p = 2*k - 29. Let n = k - 3. Let j = -6 + n. Calculate the remainder when 37 is divided by j.
7
Let p be -1 - (4 + -2) - 117. What is the remainder when (0 + p/(-18))*39/2 is divided by 22?
20
Suppose 56 = 3*i + 47. Suppose -4*u - 74 = -i*x + u, 0 = 3*x + 4*u - 119. Suppose -3*o - 141 + 435 = 0. What is the remainder when o is divided by x?
32
Calculate the remainder when 38 is divided by 1/9*178 + 4/18.
18
Let r = 26 + -30. Let o(u) = -6*u**3 - u**2 - 2*u - 1. Calculate the remainder when 11/r*(-3)/((-3)/(-8)) is divided by o(-1).
4
Suppose 7*p - 108 = 3*p. Let k = 8 + p. What is the remainder when 139 is divided by k?
34
Let j(x) = -x**2 - 6*x + 3. Let y(b) = -b**2 + 18*b - 43. Calculate the remainder when y(8) is divided by j(-5).
5
Let d = 28 - 18. Let q = d - 9. Suppose -q = -c - 2*t, 13 = 5*t + 33. Calculate the remainder when 34 is divided by c.
7
Let b = 18 - 7. Let y(j) = -j + 17. Let l be y(5). Suppose 2*p - 96 = -l. What is the remainder when p is divided by b?
9
Suppose -28*d + 13*d = -1560. What is the remainder when d is divided by 36?
32
What is the remainder when (-5 + 35)*51/6 + 4 is divided by 52?
51
Let y = -1066 + 1107. Calculate the remainder when 129 is divided by y.
6
Let b = -10 - -14. Let o = 36 - 19. Suppose 0 = -3*z + 10 + o. Calculate the remainder when z is divided by b.
1
Let z(d) = 5*d - 137. What is the remainder when 22 is divided by z(30)?
9
Suppose -b - 72 = -4*b - 3*f, -3*b - 5*f = -62. Let x(n) = -n**2 - 18*n - 16. What is the remainder when x(-12) is divided by b?
27
Let d(r) = 47*r + 201. What is the remainder when 16*4 - 0 - 0 is divided by d(-4)?
12
Let l be (8 - 6)/((-2)/(-3)). Suppose l*h - 392 = 5*b, -1 = -2*b + 3. Calculate the remainder when h is divided by 27.
26
Calculate the remainder when -4 + (-7 + 949)/6 is divided by 11.
10
Let d be 1*(-4 + (-350 - 4)). Suppose 13 = 4*z - 111. What is the remainder when (d/4 + -2)/(3/(-2)) is divided by z?
30
Let m = 45 - 42. Suppose 4*v - m*r - 20 = r, r = 5*v - 21. What is the remainder when 19 is divided by v?
3
Let o(i) = -i**2 + 3*i + 19. Suppose 32*t = 26*t. Let s = -23 - -59. What is the remainder when s is divided by o(t)?
17
Let c(r) = r**3 + 3*r**2 + 2*r. Let n be c(-2). Calculate the remainder when -66*((-2)/4 + n) is divided by (0 - -16) + (-9 - 3 - -13).
16
Suppose 95*d - 114*d = -570. Calculate the remainder when 87 is divided by d.
27
Let p = -1025 + 1071. Calculate the remainder when 93 is divided by p.
1
Suppose -1 - 5 = -6*g. Let x(p) = 32*p - 2. What is the remainder when 118 is divided by x(g)?
28
Let x(d) = 2*d + 29. Let y(a) = -3*a - 28. Let p(c) = 4*x(c) + 3*y(c). Calculate the remainder when 114 is divided by p(3).
27
Let o = 996 + -221. Calculate the remainder when o is divided by 111.
109
Suppose -53*k + 476 = -46*k. What is the remainder when k is divided by 18?
14
Let a(p) = p**3 - 9*p**2 + 8*p - 10. Let z be a(8). Let b = 64 + z. Let i(q) = 3*q**2 + 12*q + 4. Calculate the remainder when b is divided by i(-5).
16
Let h = -69 + 105. Calculate the remainder when 83 is divided by h.
11
Let a = 165 + 32. Calculate the remainder when a is divided by 33.
32
Let a(m) = 112*m**2 - 39*m + 39. Calculate the remainder when 113 is divided by a(1).
1
Let x(k) = -81*k + 315. What is the remainder when x(3) is divided by 15?
12
Suppose 0 = 113*q - 110*q - 705. Calculate the remainder when q is divided by 59.
58
Suppose 0 = -3*f - 2*f - 220. Let h = -29 - f. Suppose -2*s + 9 = -h. What is the remainder when s is divided by 5?
2
Suppose 0 = -o - 3*t + 345, -275 + 1940 = 5*o + 3*t. Calculate the remainder when o is divided by 114.
102
Suppose 2*l + 12 = 7*l - u, -3*l + 3*u + 12 = 0. Suppose 4*r + l*a - 312 = -0*r, r - 60 = -5*a. Calculate the remainder when r is divided by 17.
12
Suppose -4*h + 23 = -5*s, -3*s - 1 = 5*h - 2. Calculate the remainder when 46 + 1/(3 + -4) is divided by h/(-5) - (-62)/5.
9
Suppose 6*i = 2*i + y + 11, -2*i + 23 = 3*y. Suppose -5*h - 6 = -3*p - i*h, 3*h = 9. What is the remainder when 13 is divided by p?
1
Suppose -g - 1 = 0, 0*g + 122 = 5*z + 3*g. Calculate the remainder when 87 is divided by z.
12
Let o = 106 + -72. Suppose k = 2*k - o. Let f = k - -32. What is the remainder when f is divided by 23?
20
Suppose -4*i - 3*f = -6*f - 118, -3*i + 3*f + 87 = 0. Let a = -2 + 4. Suppose -a*w - 11 = -i. What is the remainder when w is divided by 3?
1
Let c(k) = -k + 16. Let g be c(15). What is the remainder when 51 is divided by (-12)/(g + -2) + (2 - 1)?
12
Let n = 705 - 672. What is the remainder when 121 is divided by n?
22
Let f(m) = 15*m**2 - 5*m + 9. Let z be f(4). Suppose -4*c = q - 3*c - z, -q + 239 = -c. What is the remainder when ((-1)/((-3)/q))/2 is divided by 14?
11
Let n = -11 - -16. Let c(f) = 5*f - 60. Let x be c(12). Suppose 6*o = 8*o - 5*g - 43, o + 5*g + 16 = x. Calculate the remainder when o is divided by n.
4
Let j(t) = -t - 4. Let z be (3 + -5)/((-6)/(-9)). Let c be j(z). Calculate the remainder when 42/4 + c/(-2) is divided by 4.
3
Let m(p) = 5*p - 11. Let v be m(6). Suppose -61 - v = -4*r. Suppose r = c + 3*c. What is the remainder when c is divided by 3?
2
Let b(v) = 10*v**2 + 1. Suppose -2*c - 3 + 1 = 0. Let s(g) = g + 17. What is the remainder when s(15) is divided by b(c)?
10
Let k(x) = -4*x**3 + 3 - 2 + 5*x**2 + 5*x**3 + 4. What is the remainder when 10 is divided by k(-5)?
0
Let j(a) = -a**2 + a - 1. Let h(x) = 4*x**2 + 3*x + 37. Let y(q) = -h(q) - 6*j(q). Calculate the remainder when y(9) is divided by 13.
11
Let t(y) = -y - 17. Let s be t(-20). Suppose i - 22 = s*d - 6, -i = -d - 10. What is the remainder when 26/1*(-1)/(-2) is divided by i?
6
Suppose -75*a + 143 = -64*a. Calculate the remainder when a is divided by 9.
4
Let w(z) = z**2 + 19*z + 107. What is the remainder when w(-21) is divided by 79?
70
Let h(v) = -20 + 81*v**2 - 82*v**2 - 8*v + 2*v - 5*v. What is the remainder when h(-6) is divided by 7?
3
Let t = -22 - -38. Calculate the remainder when 16/(80/(-10)) - (-63 - 1) is divided by t.
14
Let p(c) = -c**3 + 7*c**2 - 3*c + 9. Let j be p(7). Let d be (-140)/j - 2/3. Suppose d*i - 9*i - 96 = 0. Calculate the remainder when i is divided by 17.
14
Let s = 2 - -1. Suppose 122 = 309*i - 307*i. Suppose -s*t = -26 - i. What is the remainder when t is divided by 15?
14
Suppose -29 = -g + 50. What is the remainder when g is divided by 8?
7
Suppose -8 = -4*o, -4*m - 3 + 43 = 4*o. Suppose -19*d = -4*d - 45. Calculate the remainder when m is divided by d.
2
Let p = 574 + -368. Let j = p + -92. Calculate the remainder when j is divided by 39.
36
Suppose -15 = x - 33. Let g be (23 + 2)*(-16)/10. Let z = -6 - g. What is the remainder when z is divided by x?
16
Let q(u) = 2*u**2. Let d be q(1). Suppose 3*a + d*t - 27 = 0, -2*a + t + 7 = 6*t. Calculate the remainder when a is divided by (-948)/(-79) - (-6)/(-1).
5
Let h = -30 + 248. Suppose 170 = 4*z - h. What is the remainder when z is divided by 20?
17
Suppose m = -q + 13 + 14, 0 = -2*m - 6. What is the remainder when 116 is divided by q?
26
Let w(q) = 22*q + 379. Calculate the remainder when w(17) is divided by 36.
33
Let j(u) = -u**2 - 8*u - 4. Suppose -2*s = 2*o + 16, -2*o - 1 = -3*s - 5. What is the remainder when 44 is divided by j(o)?
8
Let u(s) = 3*s**2 + 43*s + 2. What is the remainder when u(-17) is divided by 2